4*b - 5. Let t(m) = m + 3. Suppose o + 0*d = 3*d - 22, -4*o - 23 = d. Let w be t(o). What is the remainder when 31 is divided by k(w)?
9
Let m(y) = 4*y**2 + 1. Calculate the remainder when m(-2) is divided by 10.
7
Let j = -6 + 10. Suppose 3*t - j*w = 76, 15 - 5 = 2*w. What is the remainder when t is divided by 17?
15
Let v(w) = w**2 + w - 9. Calculate the remainder when v(-9) is divided by 22.
19
Let d(i) = -i**3 - 6*i**2 - 5*i - 7. Let c be (-81)/15 + (-4)/(-10). Let b be d(c). Calculate the remainder when (-110)/(-6) + b/21 is divided by 10.
8
Suppose -2 = -2*z, -g + 0*z = -4*z - 16. Calculate the remainder when g is divided by 11.
9
Let u be ((-6)/15)/(3/15). What is the remainder when 14 is divided by 8 + (u - (-6)/3)?
6
Let g(l) = l**3 - l**2 + 2*l + 3. Let b be g(-3). Let k = -12 - b. Let q(o) = o**3 - 3*o**2 - 6*o - 6. What is the remainder when k is divided by q(5)?
13
Suppose -4*c - 92 + 448 = 0. Calculate the remainder when c is divided by 15.
14
Suppose -2*p + 3*p - 3*y - 9 = 0, -p + y + 15 = 0. Let v = 37 - 3. Calculate the remainder when v is divided by p.
16
Suppose -b + 11 = 1. Let u(j) = -j + 34. Let g be u(0). Let t = g + -16. Calculate the remainder when t is divided by b.
8
Let h(r) = -2*r + 24. Let n be h(0). Suppose 5*f - 2*b = 117, -n = -f + 2*b - b. What is the remainder when f is divided by 13?
10
Calculate the remainder when ((-1653)/(-76))/(((-3)/4)/(-1)) is divided by 16.
13
Let h = -2 + 5. Calculate the remainder when (1/h)/(4/492) is divided by 21.
20
Let l(s) = 18*s - 5. Calculate the remainder when l(3) is divided by 13.
10
Let p be 65*(2 - (-16)/(-10)). Let q = 0 + 1. Suppose -3*w + p = -5*u, 3*w + 3*u + q - 43 = 0. Calculate the remainder when 35 is divided by w.
11
Suppose 0 = -8*c - 87 + 287. What is the remainder when 99 is divided by c?
24
Let v be 76/18 - 8/36. Let n(k) = k + 3. Let b(g) = -g**3 + 6*g**2 + g + 7. What is the remainder when b(6) is divided by n(v)?
6
Let w be 72/3 + (0 - 0). What is the remainder when 30 is divided by (8/6)/(2/w)?
14
Let a(q) = q**3 - 10*q**2 + 3. Let x be a(10). Suppose s = -x*s + 40. Calculate the remainder when 18 is divided by s.
8
What is the remainder when 16 is divided by 5 + -1 + 7 + -2?
7
Suppose -w - 8 = -3*w, -5*b + 36 = 4*w. Suppose -b*j = -2*j - 62. What is the remainder when j is divided by 17?
14
Suppose 4*w - w - 27 = 0. Let k be 2 - -1*(-1 + 9). Let u = 25 - k. Calculate the remainder when u is divided by w.
6
Let x = 1 - -19. Suppose 5*a = a + x. Calculate the remainder when 27 is divided by a.
2
Suppose -k = 3*m - 0*k - 46, 0 = 3*m - 5*k - 22. Calculate the remainder when 24 is divided by m.
10
Suppose -5*t + 239 = -6. Calculate the remainder when t is divided by 17.
15
Let u be -4 - -3 - 108/(-2). Suppose -3*b + 7*b - 4*g = 252, u = b - 3*g. Calculate the remainder when b is divided by 18.
14
Suppose -3*z + 135 = 3*k, 61 + 74 = 3*k - 4*z. What is the remainder when k is divided by 12?
9
Let o = -8 + 13. Let h(a) = a**2 + 5*a - 2. Let c be h(-5). Let v = c + o. What is the remainder when v is divided by 2?
1
Suppose -5*f = 25, -2*d + 3*f = f - 18. Calculate the remainder when d is divided by 2.
0
Let g(n) = 3*n + 3. Let w be g(-3). Let j be (-144)/15 - w/(-15). What is the remainder when 15 is divided by (-65)/j + (-1)/2?
3
Let f = -3 - 0. Let l(x) = x**2 - x - 3. Calculate the remainder when 25 is divided by l(f).
7
Let u = 9 - 8. Suppose -7 = -b + u. Let d(q) = q**3 + 3*q**2 - 4*q + 5. What is the remainder when b is divided by d(-4)?
3
Let n be 8/28 + 124/7. Calculate the remainder when 9 is divided by 81/n + (-2)/(-4).
4
Let h(m) = 2*m**3 - 9*m**2 - 3*m + 6. Let b(d) = 3*d**3 - 10*d**2 - 3*d + 6. Let c(k) = 3*b(k) - 4*h(k). What is the remainder when 15 is divided by c(-5)?
3
Suppose -2*y + 30 = y. Let w(v) = -19*v**2 + 230*v - 6. Calculate the remainder when w(12) is divided by y.
8
Let z(r) = -r**2 + 13*r + 13. Suppose -4*c + 36 = -16. What is the remainder when 38 is divided by z(c)?
12
Suppose -3*z + 64 = z. Let q(y) = 6*y - 12. What is the remainder when q(7) is divided by z?
14
Let z = 182 - 55. What is the remainder when z is divided by 10?
7
Suppose -d + 2*u = -7, 4*d + 4*u - 52 = -0*d. Suppose -210 = -5*s - 2*w, 3*s + 5*w - 24 = 102. Calculate the remainder when s is divided by d.
9
Let n = 0 + 3. Let c be -2 + (0 - (-15)/n). Suppose -5 = c*d - 5*x + 6, -4*d + 3*x = 0. Calculate the remainder when d is divided by 2.
1
Suppose -5*f + 360 - 70 = 0. What is the remainder when 172 is divided by f?
56
Let i = 0 - -3. Suppose 0 = -i*p + 3 + 6. Suppose 0 = -5*d + p*f + 43, 7*f - 3*f = d + 5. Calculate the remainder when 20 is divided by d.
9
Let v(b) = -b**3 - 7*b**2 - 3*b + 4. Let q be v(-6). Let r = 31 + q. Calculate the remainder when 30 is divided by r.
13
Let i(p) = 2*p**2 - 4*p + 6. Let f be i(3). Calculate the remainder when (1 - 2) + 30/1 is divided by ((-30)/9)/((-4)/f).
9
Suppose 4*j - 2*f = 26, j - 5 = 6*j + 5*f. Calculate the remainder when 10 is divided by j.
2
Let y(f) = -3*f - 10. Calculate the remainder when 53 is divided by y(-8).
11
Let k = 0 + 0. Let h be 4/(((-20)/(-36))/5). Suppose 2*m + 2*m - h = k. What is the remainder when 25 is divided by m?
7
Let a = 53 + -22. Let v be -2*(-1)/(-2) - 16. Let s = a + v. Calculate the remainder when 41 is divided by s.
13
Suppose -3*f + 2 = -16. Suppose 5*y - 4*m - 852 = 0, -4*y = -m - 192 - 483. Suppose -y = -10*l + f*l. Calculate the remainder when l is divided by 22.
20
Let q(k) = -27*k + 2. Calculate the remainder when 55 is divided by q(-1).
26
Let r = -30 + 35. Suppose v + 26 = 3*v. Calculate the remainder when v is divided by r.
3
Suppose 3*s + 3 - 12 = 0. Suppose -4*y = 2*f - 88, -s*f + 3*y + 177 = -0*y. Calculate the remainder when f is divided by 19.
16
Suppose 173 + 79 = 4*h. Calculate the remainder when h is divided by 10/1*6/(-45)*-12.
15
Suppose -3*p = p - 8. Calculate the remainder when (-2 - -15)*(p + -1) is divided by 8.
5
Suppose -5*f + 9 = -2*f. Suppose 15 + 27 = 2*l + 4*c, f*l - 3*c = 63. What is the remainder when 81 is divided by l?
18
Let x = 6 + -2. Let n(u) = -15*u - 71. Calculate the remainder when n(-5) is divided by x.
0
Suppose 2*j + 30 = 2*i - j, 0 = 2*i + 4*j - 44. What is the remainder when ((-185)/15 + 11)*(-213)/4 is divided by i?
17
Let f(n) = 9*n**2 + 2*n + 1. Let y be f(-1). Let c = 11 + y. Calculate the remainder when c is divided by 10.
9
Suppose 0 = 102*a - 106*a + 8. What is the remainder when 20 is divided by a?
0
Suppose 0 = -4*r + w + 124, 2*w = -4*r + 4*w + 128. What is the remainder when 45 is divided by 320/r*6/4?
13
Suppose 4*y - 3*y - 77 = 0. Calculate the remainder when y is divided by 16.
13
Calculate the remainder when 79 is divided by (-68)/(-4) - (-3 + 4).
15
Suppose -p - 12 = -r, p - 14 = -r - 0*p. Let s(l) = -3*l - 2. Calculate the remainder when r is divided by s(-3).
6
Let g(v) = -365*v**3 - 2*v**2 + 1. Let o be g(1). Calculate the remainder when 47 is divided by 4/(-10) + o/(-15).
23
Let r(m) = 4*m**2 + 5*m - 1. Let o(b) = -11*b**2 - 15*b + 3. Let j(g) = -3*o(g) - 8*r(g). What is the remainder when j(-7) is divided by 8?
5
Suppose 2*w - 6 = -0. Calculate the remainder when 9 is divided by w.
0
Let y(i) = i**2 + 9*i + 10. Let v be y(-8). Suppose -n - v = -4*z, -2*z = 2*n - 3*n. Suppose 2*o = -n*o + 8. What is the remainder when o is divided by 1?
0
Let k(v) = -2*v + 5. Calculate the remainder when k(-4) is divided by 5.
3
Suppose -3*y + 9 = -5*r + 38, 0 = -5*r - 5*y + 5. Let n = 0 + r. What is the remainder when 34 is divided by 6/5*40/n?
10
Suppose 2*m - 70 = 30. Calculate the remainder when m is divided by (-31 - -27)*(-13)/4.
11
Let b = -5 + 10. Suppose 459 = b*o + 39. Suppose 2*k = y - 13, -y = 2*y + 3*k - o. Calculate the remainder when 45 is divided by y.
22
Let f = 108 - 53. Let a(d) = d**2 + 3*d. What is the remainder when -2 - f*(-3 - -2) is divided by a(3)?
17
Let f(k) = 10*k**2 - k**3 + 4 - 10*k**2. Let l be f(0). Suppose l*v + 18 = 78. What is the remainder when 58 is divided by v?
13
Suppose 245 = 29*i - 509. Suppose 2*y - 3*y + 7 = 0. Calculate the remainder when i is divided by y.
5
Suppose 0 = -s + 5*f + 95, 4*f = -1 - 3. Calculate the remainder when s is divided by 24.
18
Let r = -59 + 62. Calculate the remainde